rst derivative of 1/2*a**3 - 1/4*a**4 + 0*a - 1/2*a**2 - 2. Let w(s) be the second derivative of o(s). Determine w(2).
-9
Let b be 1*6 + (4 - 5). Let d be 0/(b + -5 + 2). Let q(s) = s + s + 2 + d - s + 2*s**2. Calculate q(2).
12
Let v = 7 + -2. Let u(w) be the second derivative of 5/12*w**4 - 1/3*w**3 + 7/2*w**2 + 0 + w - 1/20*w**5. Give u(v).
-3
Let n(b) = -b - 1. Let t(p) = 2*p**2 - 3*p - 4. Let c be t(4). Suppose 5*y - 4*d + 10 = -d, -y = 3*d - c. Let k be (12/1)/(-3) - y. Give n(k).
4
Let c = 6 - 1. Let p(r) = r**2 + r**2 + 3 - c*r - r**2. What is p(5)?
3
Let x(t) = t**3 - 7*t**2 + 4*t - 1. Let z = -47 + 53. Determine x(z).
-13
Let b(m) = m + 3. Let a be b(-1). Let k(l) = 2*l - 2. Calculate k(a).
2
Let c(w) = w + 1. Suppose 0 = -3*d + 30. Let q = -11 + d. What is c(q)?
0
Let a(b) = -b + 1. Let c be a(3). Let d be (2 - (-3 - 0)) + -3. Let l(u) = d*u**3 + u**3 + 4*u**2 + 3*u - 2*u**3. Calculate l(c).
2
Let b(m) = -2*m + 7. Suppose 0*u + x - 6 = -2*u, -3*u - 5*x - 5 = 0. Suppose -p - 3 = u*j + 2, 5*p - 19 = -3*j. What is b(p)?
-3
Let t be (5/15)/(1/21). Let p = -3 + t. Let k(o) = -o**2 + 5*o - 2. What is k(p)?
2
Let i(r) be the third derivative of 0 - 1/6*r**4 + 5*r**2 + 0*r**3 + 0*r + 1/60*r**5. Give i(5).
5
Let h(x) = -x**2 + x + 1. Suppose 0*q - q = 5*a + 22, -5*q + 4*a = -35. Let v be h(q). Let b(c) = -2*c - 1. Give b(v).
9
Let q(i) be the second derivative of -i**3/3 - 9*i**2/2 - 2*i + 17. Determine q(-7).
5
Let l(x) = -1. Let c be -1*(-3)/(0 - 3). Let j(d) = -d**2 - d + 8. Let r(f) = c*j(f) - 6*l(f). Determine r(-2).
0
Let c(w) = -w**2 + 0 - w + 0*w - 1. Let k(l) = -l - 12. Let j be k(-14). Determine c(j).
-7
Let h(t) = t**2 + 4*t + 2. Let j be ((-2)/(-3))/((-1)/6). Let v be h(j). Let l(x) = x + 5 + x - v - 2. Give l(-5).
-9
Let w(q) = -q**3 - 4*q**2 + 8*q - 4. Let z(b) = -b**3 + 9*b**2 - 6. Let r be z(9). What is w(r)?
20
Let t = -2 + 9. Let v(q) = -q + t*q**2 - 2 - 2 + 5 - q. Let w be (-2)/1 + 1 + 2. What is v(w)?
6
Let i(j) be the first derivative of -4/3*j**3 - 2 + 0*j - 1/4*j**4 + 0*j**2. Suppose 2*t + 5 = -3. What is i(t)?
0
Let i(m) = m**3 - 4*m**2 - 5*m + 3. Let v(x) = x**3 - 2*x**2 - 2*x - 1. Let k be v(3). Suppose -k*p - 2*j + 3 = 1, -14 = -2*p + 2*j. Give i(p).
-17
Let s(y) = 8*y - 1. Suppose 0 = 5*l - 0*l. Let q be (-2 + -2)*(l - -1). Let m = -3 - q. Give s(m).
7
Let w(d) be the third derivative of d**6/120 + d**5/30 + d**4/6 + d**3/2 + 22*d**2. Give w(-3).
-18
Let n(h) be the first derivative of h**2/2 - 7*h + 67. Let y(a) = -5*a. Let r be y(-1). What is n(r)?
-2
Let c = 10 - 5. Suppose c*t - 24 = t. Let w = t - 4. Let a(n) = 2*n**2 - n + 1. What is a(w)?
7
Let f(w) = w**3 + 2*w**2 - 2*w. Let j = -6 - -3. Let b = 0 + j. Determine f(b).
-3
Suppose -o - f - 1 = 0, 0 = -0*f + 4*f + 4. Let h(j) = j**2 + 7. Calculate h(o).
7
Let u(g) = 3*g**3 + 14*g**2 + 2*g + 2. Let l(a) = 7*a**3 + 27*a**2 + 5*a + 5. Let s(r) = -2*l(r) + 5*u(r). Determine s(-16).
0
Let z(d) = -d**2 - 1. Suppose -2*s + 1 = -l, s - 3*l - 1 = -3. What is z(s)?
-2
Let g(b) = b**2 + 9*b + 4. Let t be g(-9). Suppose -6 = 2*k - t*k. Let l(i) = -2*i + 3. Determine l(k).
-3
Let b(n) = -n**3 - n**2 - 2*n**3 - 3*n**3 + n. Suppose -2*p + 18 = 8. Suppose -p*i + 0*i = -5. Give b(i).
-6
Let j(c) be the first derivative of -c**3/6 - 9*c**2/2 + 2*c - 1. Let q(o) be the first derivative of j(o). Give q(-4).
-5
Let b(r) = r**2 - 7*r + 7. Let d be b(6). Let f(n) = 10*n + 7. Let s(m) = -29*m - 20. Let k(v) = 17*f(v) + 6*s(v). Calculate k(d).
-5
Let w(n) = n + 4. Let t = 5 - 7. Let g be w(t). Let b(a) = 2 - 18*a**3 - 1 - 3*a + 19*a**3. What is b(g)?
3
Let k(r) = -r**3 + 4*r**2 + 2*r - 2. Let a(z) = -4*z + 2*z + z**2 + 2*z + z. Let v be a(-2). Calculate k(v).
10
Let o(r) = -r**2 - 4*r**2 + 2*r - r**3 + 3 + 2*r**2. Let m(j) = -j - 20. Let n be m(-17). Determine o(n).
-3
Suppose -57 = 4*x - 9. Let b(j) = j**2 - 7*j + 5. Let g be b(4). Let p = x - g. Let q(h) = -h**3 - 6*h**2 - 6*h - 7. Give q(p).
-2
Let v(o) be the first derivative of -3 - 3/2*o**2 - o - 1/3*o**3 - 1/12*o**4. Let x(r) be the first derivative of v(r). Calculate x(-3).
-6
Let q = 2 - 0. Let h(k) = 7 - 10*k**q - k + 3*k + 9*k**2. What is h(5)?
-8
Let c be (8/(-36))/(1/(-3)). Let f(d) be the second derivative of 0 - 3/2*d**2 + 1/2*d**4 + 2*d - 1/20*d**5 - c*d**3. Determine f(5).
2
Let i(s) = 2*s - 1. Suppose -3*t + 260 = 5. Let l be 2/(-8) - t/(-20). Calculate i(l).
7
Let j(m) = -3*m**2 + 1. Let i(h) = -h**2 + 23*h + 1. Let r be i(23). Determine j(r).
-2
Let r(c) be the first derivative of -1 - 1/2*c**2 - c. Suppose 0 = l + 6 - 0. Calculate r(l).
5
Let t = -66 - -66. Let n(b) = -b**3 + b**2 - 26. Determine n(t).
-26
Let w(v) = 2*v + 3. Let t(u) = 2*u**3 - 2*u**2 - 3*u + 3. Let s be t(-3). Let c be s/(-8)*(-12)/(-15). Give w(c).
15
Let i(d) = d**2 + 5*d + 2. Let l be i(-5). Suppose -w - l*w = -9. Suppose w = 4*f - f. Let m(u) = u**2. What is m(f)?
1
Let u be (-2)/(-6) - 130/(-6). Suppose u = 2*x + 2*k + 2*k, -4*x = -4*k - 32. Let r(l) = x*l - 4*l - l**2 + 6 + 0*l**2. Determine r(5).
6
Suppose 0 = 5*j - 13 + 3. Let a(y) = -2*y**2 + 3*y - 2. Let r be a(j). Let n(h) = h**3 + 3*h**2 - 5*h - 6. Give n(r).
-2
Suppose 6*q - 5*q = p - 6, 5*q = p - 6. Suppose -g + 1 = f, p*f = 4*g + f - 49. Let r(t) be the second derivative of -t**3/6 - t**2/2 - t. What is r(g)?
-7
Let g(l) = -4*l**2 - 3 - 2 + 3*l**2 + 6*l. Suppose -29*q + 31*q - 8 = 0. Give g(q).
3
Let t(c) = c**3 + 3*c**2 - 4*c - 2. Let d = -47 + 43. Determine t(d).
-2
Let d(c) = 5*c + 1. Let n(x) = 5*x. Let o(z) = 5*d(z) - 6*n(z). What is o(4)?
-15
Suppose 2*p = -3*h - 22, -h - 1 = 2*p + 1. Let j(s) = -s**2 - 11*s - 12. Calculate j(h).
-2
Let u(o) be the second derivative of 1/6*o**3 - o**2 + 1/20*o**5 - o - 1/3*o**4 + 0. Let n = -2 - -5. Give u(n).
-8
Suppose 0*w = 3*y - 4*w - 6, -3*y - 2*w = -24. Let d(u) = 2 + y*u + 3*u - 4*u. Calculate d(-2).
-8
Let r(x) = -x**2 + x - 7. Let h(t) = -t**3 + 3*t**2 + 4*t + 4. Let p be h(4). Suppose -3*b = -p*v + 4, v - 3*v + 2 = -3*b. Determine r(b).
-7
Let c(l) = 5 - 7*l + 1 + l**3 + l**3 - 3*l**3 - 9*l**2. Determine c(-8).
-2
Let s(b) = -b - 1. Suppose -2*y + y = 0. Suppose -1 = 4*j - 4*c + 3, 0 = 4*j - 3*c + 1. Suppose j*f + 0*f = y. Determine s(f).
-1
Let t(s) be the first derivative of 2*s**2 + 0*s + 3 - 1/3*s**3. Suppose o - 5 = -0*o - z, -2*o + 5*z - 4 = 0. Calculate t(o).
3
Let h(k) be the third derivative of -k**4/24 + k**3/6 - 54*k**2. Calculate h(4).
-3
Let j(z) = 7*z - 1. Let d(y) = 2*y**2 - 6*y + 5. Let v be d(3). Suppose 5*a = 5*x + 4*a - 9, 20 = -v*a. Give j(x).
6
Let p(b) be the second derivative of b - 1/6*b**3 + 0 - 7/2*b**2. What is p(-5)?
-2
Let c be 60/3 + -1 - -2. Let u(j) = -2*j + 2*j + 19 + j**2 - c. Determine u(3).
7
Let q(l) be the third derivative of l**4/24 + l**3/3 + 29*l**2. Determine q(4).
6
Let h(d) = -d**3 - d**2 + d + 1. Let l(a) = -7*a**3 - 10*a**2 + 7*a + 5. Let z(j) = -6*h(j) + l(j). What is z(-3)?
-13
Let o(v) = -3*v - 6. Let z be o(-4). Let w(g) = -18 + 14 + 5*g - 4*g. Give w(z).
2
Let p(i) be the first derivative of i + 2 - 2*i**2 - 1/3*i**3. Suppose 3*x + 7 = 2*q, 4*q + 1 = -0*x + x. Give p(x).
4
Let c(g) = 5 + 5*g + 3*g - 1 - 5. Give c(1).
7
Let c be (-168)/2*(-6)/(-12). Let m be c/(-18) + 1/(-3). Let j(h) = 0 + 2 + m*h**2 - 3*h**2 - 1 + 2*h. Determine j(4).
-7
Let s(u) = 4*u + 9. Let m(y) = -3*y - 8. Let i(j) = -5*m(j) - 4*s(j). Let n be -3*4*4/(-24). Give i(n).
2
Let o(x) = -2*x**2 + 3*x + 1. Let i(m) = -3*m**2 + 5*m + 2. Let q(g) = -3*i(g) + 5*o(g). Determine q(-2).
-5
Let j(m) be the second derivative of m**3/6 + 3*m**2/2 + 29*m. Determine j(0).
3
Suppose 5*n - 4*g = 21, -3*n - 16 + 7 = 3*g. Let p(l) = 5*l**3 + 51*l**2 + 0 - 1 + 4*l - 2*l - 52*l**2. What is p(n)?
5
Let w(q) = q**2 + 4*q. Let v(b) = -6*b + 1. Let k be v(-4). Suppose -4 = -x + 4*l - k, 0 = -2*x - 5*l + 10. Give w(x).
5
Let v(r) = r**3 + 3*r**2 + 2. Let z be v(-3). Let y(m) = 2*m - 3*m**2 - 3*m**2 + 7*m**z + 3. Let n = 2 + -4. Determine y(n).
3
Let s(q) = 10*q + q**2 + 0*q**2 - 2*q - 1. Give s(-6).
-13
Let t(u) = -u**3 - u**2 + u + 3. Let x(y) = y**3 + y**2 - 2*y - 3. Let p(b) = -3*t(b) - 4*x(b). Calculate p(-3).
6
Let j(p) = 6*p - 3. Let m(q) be the first derivative of q**2 - q - 4. Let v(z) = -6*j(z) + 17*m(z). Let d = 3 - 2. Wh